 of -f**5/120 - f**3 + 25*f. Let q(c) be the second derivative of i(c). Determine q(a).
1
Let o(k) = -13*k**2 - 5*k + 17. Let v(i) = 7*i**2 + 3*i - 9. Let q(l) = 6*o(l) + 11*v(l). Suppose 2*x - 3*n - 2399 + 2361 = 0, 2*x - 2*n = 28. Give q(x).
-1
Let s(y) = 514*y - 11. Let r(b) = 411*b - 12. Let i(k) = -5*r(k) + 4*s(k). Determine i(3).
19
Let m(v) = v**2 + v**3 - 4 + 3 + 146*v + 5 - 145*v. Let p(o) = 2*o**2 + o. Let q be p(1). Suppose 0 = -x - 3*b + 4*b + 4, -12 = x + q*b. Give m(x).
4
Let l(i) = -21*i - 6. Let a(x) = 2*x + 1. Let d(r) = 9*a(r) + l(r). What is d(1)?
0
Let v(t) = t**2 - 19*t - 14. Suppose -2919 = -66*b + 73*b. Let q = 437 + b. Give v(q).
6
Suppose -30*u + 8*u + 704 = 0. Let r(t) = 31 - u - 12*t + 13*t. Calculate r(1).
0
Suppose -4*v = 1 + 3. Let m be (v + 3/(-4))/((-1)/4). Let j(r) = 17 - 13 + 2*r - 12. What is j(m)?
6
Suppose s = -a + 5, 3*s - 22 = 5*a - 7. Let u(c) be the second derivative of 13*c + a - 1/4*c**4 + 2*c**2 + 5/6*c**3 - 1/20*c**5. Determine u(-3).
-11
Let s(l) = -16*l - 1 + 4 - 2 - 2. Let n = -10315 - -10314. Determine s(n).
15
Let k(s) = -s**2 - 12*s - 6*s + 2*s**2 - 6 + 0*s**2. Let x be k(18). Let i = -8 - x. Let q(h) = 3*h**2 + 4*h + 2. Calculate q(i).
6
Let f(a) = 5*a - 31. Let h(t) = t - 8. Let s(j) = 2*f(j) - 9*h(j). What is s(-6)?
4
Let b(a) = a**2 - 6*a - 12. Let w be (-11)/3 + (-6)/18. Suppose 3*n - 21 = 10*x - 8*x, -n = -3*x - 14. Let i = n - w. Calculate b(i).
15
Suppose n + n = -2*q, 0 = -2*q + 4*n + 12. Suppose q*a + 58 - 70 = 0. Let l(f) = 1 + 7*f + f - a*f - 6. Determine l(5).
5
Let w(r) = -43*r - 28. Let f(q) = 68*q + 41. Let l(y) = -5*f(y) - 8*w(y). Calculate l(-9).
-17
Let a(n) be the second derivative of -n**4/6 - 3*n**3/2 - 4*n**2 - 1314*n. What is a(-5)?
-13
Let c(s) be the first derivative of 14*s**3/3 - s**2/2 + 54. Suppose 0 = -5*j - 25, 0*g - g - 5*j - 33 = 0. Let i = g - -9. What is c(i)?
13
Let o(c) be the first derivative of c**4/4 + 11*c**3/3 + 5*c**2 + 22*c - 5068. Calculate o(-10).
22
Let m(n) = -n**2 + 8*n - 1. Let w(l) = 14*l**2 - 62*l + 281. Let r(d) = 13*m(d) + w(d). Determine r(-8).
-4
Let o(u) be the third derivative of 67*u**2 + 0*u - 7/6*u**3 + 0*u**4 + 0 + 1/60*u**5. What is o(0)?
-7
Let j(d) be the first derivative of 2*d**3/3 - 14*d**2 - 56*d + 509. Give j(-2).
8
Let g(h) be the first derivative of 5*h**2 - 15*h - 2735. Give g(2).
5
Let q(u) = -5*u + 2. Let v(d) = 2*d + 3. Let p(i) = -2. Let h(f) = p(f) + v(f). Let l(a) = 2*h(a) + q(a). Let w = -15 + 22. What is l(w)?
-3
Let f(n) be the second derivative of -n**5/20 + 5*n**4/6 + 2*n**3/3 - 15*n**2/2 + 10*n. Let z be f(10). Let d(k) = -k + 9 - k + 13 - z. Determine d(-4).
5
Let p(a) = -3*a - 2*a - 5*a + 221. Calculate p(22).
1
Suppose 3*b - i = 160, 0 = 3*b + i + i - 166. Suppose 2*u + b = 8*u. Suppose 12*f - u*f + 24 = 0. Let y(m) = -m**3 - 7*m**2 + 8*m + 8. What is y(f)?
8
Let i(h) = 26*h + 59. Let d(a) = 29*a + 67. Let o(l) = -6*d(l) + 7*i(l). What is o(18)?
155
Let b(y) = -y + 1. Let z(r) = -4*r - 4. Let u(m) = b(m) - z(m). Let a(j) = j + 2. Let q(p) = -17*a(p) + 6*u(p). What is q(-3)?
-7
Let v(u) be the first derivative of -u**6/120 + u**5/15 + u**4/24 + u**3/2 - 40*u**2 + 216. Let t(s) be the second derivative of v(s). Calculate t(4).
7
Let l(w) = -w**3 + 6*w**2 - 5*w + 1. Let f = 825 + -820. Determine l(f).
1
Let t = -46 + 48. Let z(o) = -o - t*o - 8*o + o**2 + 20. Let w be z(8). Let s(f) = -f**2 + 2*f + 5. Give s(w).
-19
Let w(s) = 496*s + 8*s**2 - 506*s - 16 + 5*s**3 - 4*s**3 + 33. What is w(-10)?
-83
Suppose -128 = -6*u - 116. Let l(f) = -7*f + 14 - 3*f + 0*f**u + f**3 + 7*f**2 + 2*f**2 + f. What is l(-10)?
4
Let s(c) be the first derivative of c**3/3 + 9*c**2/2 - 15*c + 734. Determine s(-11).
7
Let i(q) = 2*q**2 + 20*q - 126. Let f be i(5). Let c(y) = -y**2 + 23*y + 32. Determine c(f).
8
Let k be ((-2 - -1)*-5)/(-3 + 2). Let j(q) = -q**3 - 3*q**2 + 8*q - 3. What is j(k)?
7
Let f be (4*1 - 255/51) + -3. Let u(l) = -l - 4. Let s(h) = 5*h + 19. Suppose -3*o = 2*o + 110. Let x(a) = f*s(a) + o*u(a). What is x(-9)?
-6
Let y(s) = -s**2 - 7*s + 5. Let k(c) = 4*c**2 + 17*c + 16. Let t be k(-1). Suppose -4*i + l - 5*l = 16, -l = t*i + 16. What is y(i)?
11
Suppose -73*b - 318 = 33*b. Let k(t) = 13*t + 7. What is k(b)?
-32
Let k be (-124)/(-42) - (-144)/3024. Let d(j) be the second derivative of 1/6*j**k + 2*j**2 + 0 + 13*j. What is d(3)?
7
Let f(b) = -94*b + 38*b - 6 + 2 + 54*b - 3. Calculate f(0).
-7
Let m = 526 - 536. Let y be 41/m - 33/(-330). Let x(o) = -2*o**2 - 6*o - 2. Give x(y).
-10
Let f = -18 - -21. Let u(q) be the second derivative of -q**4/12 + q**2 + 4*q + 5. Calculate u(f).
-7
Let p be 28 + (2 + 1 - (3 - 2)). Suppose -47*w = -42*w + p. Let k(b) be the first derivative of b**3/3 + 4*b**2 + 2*b - 2. Determine k(w).
-10
Suppose -2*i + 7*i = -165. Let g be 66/88 - i/4. Let a(y) = -g + y - 45*y**2 + 44*y**2 + 6*y. What is a(6)?
-3
Let y = 5882 - 5886. Let r(j) = -8*j - j - j + 9 + 11*j. Calculate r(y).
5
Suppose -12 = 4*o, -3*t + 382*o - 379*o + 66 = 0. Let g(v) = -v**3 + 19*v**2 - v + 20. Calculate g(t).
1
Let r be 5*(3 - -1 - -1). Suppose -5*a = 60 + r. Let k(z) = -z**3 - 17*z**2 + z + 11. Let p be k(a). Let x(h) = -h**3 - 6*h**2 - 8. Calculate x(p).
-8
Let z(h) = -h**3 + 10*h**2 - 105*h + 719. Let r be z(8). Let b(a) = -3*a**2 + 24*a - 13. Calculate b(r).
8
Let o(p) = -11*p**3 + p**2 - p + 1. Let l = -539 + 636. Suppose -5*c = -3*y + 465, -3*c + 0*y + 4*y - 268 = 0. Let n = c + l. What is o(n)?
-10
Suppose 7*r + 83 = 321. Suppose -43*l - r = -45*l + 4*u, -5*l - 3*u + 20 = 0. Let z(x) be the first derivative of -x**3/3 + 7*x**2/2 + 3*x - 1. Determine z(l).
3
Let c(q) = q**2 + 7*q - 2. Suppose 7*s - 14 = 2*s + 3*y, 2*s = -5*y + 18. Suppose s*z + 63 = 35. Let k be c(z). Let l(a) = -3*a - 3. Give l(k).
3
Let i be -2 + -1 + 4/1. Suppose -i = -5*s + 14. Suppose 5 = s*g - 10. Let v(p) = -p**3 + 5*p**2 - 2*p + 2. What is v(g)?
-8
Let g(x) = -158*x + 29 + 69*x + 58*x + 30*x. Determine g(-11).
40
Suppose 3*r - 6*r - 83 = -4*h, 3*h - 2*r - 62 = 0. Let o(z) = -z**2 + 22*z - 41. Let k be o(h). Let u(q) = q**2 - 1. Give u(k).
0
Let d(w) be the second derivative of -8 + 2/3*w**3 - 1/12*w**4 + 1/2*w**2 - 2*w. Calculate d(5).
-4
Let y(o) be the third derivative of 0 + 1/12*o**4 + 0*o + 8*o**2 + 0*o**3 - 1/60*o**5. Suppose -2*a - 2*a + 8 = 0. Calculate y(a).
0
Let s(b) = b**3 - 2*b**2 - 2*b - 11. Suppose -52 = -4*j - 5*k - 47, -24 = -3*j + 3*k. Give s(j).
54
Suppose -5*b + 4*a = -45, 0 = -5*b + 2*a - 7*a + 45. Let y be 29/b - (-9)/((-648)/16). Suppose -14*l + y*l = -22. Let d(v) = -7*v. What is d(l)?
-14
Let s(o) = 11*o**3 - 9*o**2 + 9*o - 8. Let w be (28/8)/(-2 - 12/(-8)). Let m(f) = -3*f**3 + 3*f**2 - 3*f + 3. Let l(c) = w*m(c) - 2*s(c). Give l(-4).
-1
Let v(q) be the third derivative of -q**6/120 - q**5/12 - q**4/3 - 5*q**3/3 - 4*q**2 + 71. What is v(-4)?
6
Let h(q) = 2*q + 10. Suppose -5*m - 9 = -t, 4*t + 4*m - 15 = 3*m. Let l = 4 - t. Suppose 4*k + 27 - 3 = l. Give h(k).
-2
Let x(h) be the second derivative of h**3/2 + 3*h**2 + 89*h + 3. Calculate x(-3).
-3
Let y(a) = -3*a**2 - 6*a**2 + 1 + 11*a**2. Let l(c) = 186*c**2 + 2*c + 3. Let w be l(-1). Let p = 188 - w. Calculate y(p).
3
Let s(l) be the first derivative of 117 + l - 2/3*l**3 - 1/4*l**4 - 1/2*l**2. Calculate s(-2).
3
Let b(y) = y**3 + y**2 + 4. Let w(r) = -2*r**3 - 25*r**2 + 174*r + 2. Let h be w(5). Give b(h).
-14
Let t = 8371 + -8367. Let k(n) = 3*n + 17. Calculate k(t).
29
Let n(t) = 6*t**2 + 0 - 18*t**2 + 9*t**2 + 2*t**2 - 4. Let p be (-5)/(-2) - 2/(-4). Suppose -2*a = -p*a + 4*v - 13, -2*a - 6 = 2*v. Determine n(a).
-29
Suppose 0 = -4*u + 5*q - 56, q + 121 - 60 = -3*u. Let f(j) = j**3 + 20*j**2 + 19*j + 1. Calculate f(u).
1
Let o(k) = -k - 7. Suppose -3*g - 42 = 2*p - 101, 13 = g - p. Suppose -g*t + 2*t = t. Give o(t).
-7
Suppose -534*k = i - 536*k + 9, -5*i = 2*k - 3. Let j(b) = 14*b**2 + 3*b - 2. Determine j(i).
9
Suppose 3*m + 2*o = 29, -22 = -2*m - 2*o - 6. Let a(v) = 4*v - 20*v - m + 13*v + 4*v. Give a(7).
-6
Let z(s) = -s**3 - 5*s**2 + 1. Let v be z(-5). Let o(f) = -f + 7. Let b be o(4). Let t(j) = 9*j**2 + 673*j - b*j**2 - 675*j + 1. Determine t(v).
5
Suppose 15*x = -20*x + 280. Let y(b) = b - b**3 - x*b**2 + 10 + 0 + 15*b**2 - 3. Let m be (0 + (-7